7. Let s = x + -9. Give d(s).
4
Let u be (-2 - -1) + (-1 - -4). Let v(z) = -z**2 - z + 1. Let w(h) = -4*h**2 - 3*h + 3. Let l(p) = -2*v(p) + w(p). Determine l(u).
-9
Let g(c) = c**3 + 1. Let x(d) = -2*d**3 - 9*d**2 + 9*d - 10. Let r(q) = -3*g(q) - x(q). Calculate r(8).
-1
Let w be (-1)/(-2)*230/(-23). Let x(a) = a + 5. Determine x(w).
0
Let w(n) = n + 2. Let z = -11 - -11. Give w(z).
2
Let y(u) = u**3 - 8*u**2 - 10*u + 3. Let m = 25 - 16. What is y(m)?
-6
Let f(v) be the first derivative of -5/3*v**3 + 3/2*v**2 + 4*v + 1/4*v**4 + 2. Let c(z) = -z + 9. Let u be c(5). Give f(u).
0
Suppose -4*n - 36 = -4*u, 5*n - 42 - 33 = -5*u. Let i(k) = -k**3 + 11*k**2 + 14*k - 18. Give i(u).
6
Let o(z) = 10*z - z**2 - 12*z + 2*z**3 + z - 3*z**3 + 1. Give o(-2).
7
Let d(z) = -5*z. Let w be d(-1). Let o be w - (3/(-3) - -4). Let n(i) = 0*i**2 + 2*i - 3*i**2 + 3*i**2 - i**o. Calculate n(3).
-3
Let l(w) be the first derivative of -5*w**4/4 - 2*w**3/3 - w**2 - w + 24. What is l(-1)?
4
Let g = 5 - 9. Let b(d) = -d + 9. Let x be b(7). Let m(i) = 4*i - 3 - x*i - 4*i. Determine m(g).
5
Let m(o) = o**3 + 4*o**2 - 4*o - 2. Let j be 34/85 - (-22)/(-5). Determine m(j).
14
Let c(j) = 2 - j**2 + 196*j - 97*j - 107*j. What is c(-9)?
-7
Let b(s) = 0*s**2 - 2 - 3*s**2 - 4*s**3 + 3*s**3. Let i(o) = o**3 - 2*o**2 - 5 - 2*o**3 - o - o**2 + 4. Let h be i(-2). What is b(h)?
-2
Let m be (-1)/(((-15)/(-9))/5). Let s(o) be the third derivative of o**6/120 + o**5/20 + o**4/24 + o**2. Determine s(m).
-3
Let d(f) be the first derivative of f**2/2 - 2*f + 1. Suppose 3*c + 17 = 4*c + 3*v, 0 = 5*c - 3*v - 13. What is d(c)?
3
Let b = 1 + 2. Suppose 0*x + b = -x. Let o(y) = 4*y - 5. Let g(d) = 6*d - 7. Let c(z) = -5*g(z) + 7*o(z). Calculate c(x).
6
Suppose p = 3*o - 6*o - 14, 5*p = -o. Let l(t) = -4*t - 4. Let q(z) = -4*z - 5. Let c(i) = o*q(i) + 6*l(i). Let k = 72 + -70. What is c(k)?
-7
Let v(d) be the second derivative of 11/2*d**2 + d - 1/6*d**3 + 0. Let h be (-3)/(-4)*8*1. What is v(h)?
5
Let s(t) = 6*t + 2*t**2 - 7 + 3*t**2 + t**2 - 7*t**2. Determine s(5).
-2
Let w(q) = -q**2 + 12*q. Let z = 96 + -85. Calculate w(z).
11
Let k = 137 - 130. Let x(y) = y**3 - 7*y**2 + y - 2. What is x(k)?
5
Let n(k) = -3*k**2 + 0 + 3 + 0 + k**3 - 1 - 5*k. Determine n(4).
-2
Let a(f) = -f**2 + 5*f + 2. Suppose z + 2*z - 9 = 0. Suppose 0 = z*x + 4*s - 32, -5*x + 23 = 3*s - 12. Calculate a(x).
6
Let v(j) = j + 3. Suppose 0 = -4*a + 4, -a + 9 = -0*h + 2*h. Suppose 0 = h*i + 11 + 9. Let b be v(i). Let f(x) = -x**2 + 2. Determine f(b).
-2
Suppose -u - x - 3 = 0, 2 = u + 2*x + 5. Let z = 12 - 12. Let q(s) = z + 2 - s + 2 - 2. What is q(u)?
5
Let x(z) = z + 9. Let t be x(-10). Let c be (-2)/3*-6*t. Let h(l) = l**2 - 2. Determine h(c).
14
Let q(w) be the second derivative of -w**4/12 + w**3/3 - 3*w**2/2 - 3*w. Let s(k) be the first derivative of q(k). Give s(-3).
8
Let i(w) = -w**2 + 2*w + 1. Suppose -2*o - 3*s + 8 = -2*s, -5*o = -4*s + 6. Suppose -5*t + 2*t - o*g = -20, 4 = 4*g. Let y be 3/t*4 + 2. Calculate i(y).
-7
Suppose 2*v + 73 = 3*d - 0*v, 2*v - 111 = -5*d. Suppose -4*z - 3*r + d = 0, -z - 2*z + 3*r = -12. Suppose -3*c + z = 2*c. Let o(i) = 4*i**2 + i. Give o(c).
5
Let s(y) = y**3 - 2*y**2 - 2*y - 1. Suppose 2*g + 3 = 9. Give s(g).
2
Let h = -2 - 3. Let o(m) = 16*m - 14. Let k(a) = -a + 1. Let g(y) = h*o(y) - 70*k(y). Determine g(-1).
10
Let j(a) = 12*a + 7. Let i(o) = o + 2. Let r(n) = 4*i(n) - j(n). Determine r(-1).
9
Let o = 3 - 5. Let n = o + 3. Let c(i) = -11*i**3 + i**2 - i + 1. Determine c(n).
-10
Let s = -5 - -3. Let j(m) be the first derivative of m**3/3 + m**2 - 7. Determine j(s).
0
Let u be (-2)/6*(-21 + 3). Let a(k) = -12*k - 1 + 13*k + 0. What is a(u)?
5
Suppose q = 4*g + 6, -q = g + 4 - 0. Let t(v) = 5*v - 11. Let c(d) = 0 - 5 + 5*d - 2*d - 2. Let z(u) = -8*c(u) + 5*t(u). What is z(q)?
-1
Let u(l) be the second derivative of l**4/12 - 5*l**3/3 + 11*l**2/2 + 33*l. Calculate u(8).
-5
Let z(g) = g**3 + 4*g**2 - g + 2. Let w(u) = -u. Let k(b) = -5*w(b) + z(b). Let r be k(-2). Let v(f) = -3 + f**3 - 2*f**3 + r*f - 2*f - 2*f**2. What is v(-3)?
6
Let z(d) be the second derivative of 7*d**3/6 - 5*d**2/2 + 2*d. Let a(i) = 4*i - 2. Let m(y) = -7*a(y) + 3*z(y). Give m(1).
-8
Let n(l) = -6*l**3 - 2*l**2 - 2*l - 1. Let x(o) = -o**3 - 10*o**2 - 10*o - 8. Let w be x(-9). Suppose -3*t = 2 + w. Give n(t).
5
Suppose 4*r - 7 = -f, 7 = f + 2*f - 2*r. Let l(p) = 6*p**2 + p - f*p**2 + 4*p**2. What is l(-1)?
6
Let c = -7651/24 + 319. Let v(o) be the third derivative of -1/6*o**3 - 1/60*o**5 + o**2 + 0 - c*o**4 + 0*o. Determine v(-4).
3
Suppose -2*n + 5*x = -3*n + 27, -3*n = -3*x + 9. Let u(h) = -8 + n + 2*h + 0. Give u(4).
2
Let w(s) = -1. Let r(g) = -2*g - 5. Let n(b) = -r(b) - 2*w(b). Suppose -c = 2*a - 9, 0 = -a - 3*c + 12. Suppose -3 = a*p + 12. Determine n(p).
-3
Suppose -3*i + 5 = -5*p + 10, -3*p = 2*i - 3. Suppose 3*m - 7 - 8 = i. Let h(f) = f**2 - 6*f + 4. What is h(m)?
-1
Let o(t) = -8*t**2 - 8*t - 9. Let h(b) = -b**2 - b - 1. Let y(n) = -6*h(n) + o(n). Let j be 2/(-6) + 6/(-9). Let u be ((-3)/(-9) + j)*3. Calculate y(u).
-7
Let x(u) be the first derivative of 3*u**2 + u + 30. Let w be (-2)/(-6) + (-4)/3. Give x(w).
-5
Let z(o) = o**2 - 4*o + 6. Suppose -4*h = 4*y, -10 = -2*h + 3*h + 3*y. Calculate z(h).
11
Let c(z) = z**2 - 2*z - 5. Suppose -3*n = -4*n - 3, 3*q - 6 = -2*n. Give c(q).
3
Suppose o = 2*a - 4 - 1, o - 15 = -3*a. Let p(u) = -3 + 1 - o*u + 5. Suppose -2*z + 8 = c - 7*z, 2*c + 2*z = 4. Determine p(c).
-6
Let h(y) = -3*y**3 - 2*y**2 + 2*y - 1. Suppose 0 = 4*b + 3*v + 24, 2*b - 2*v + 12 = 0. Let s(j) = 5*j - 7*j + 3*j + 0*j + 7. Let n be s(b). Give h(n).
-4
Let s be -2*2*(-5 + 2)/6. Let h(d) be the second derivative of d**3/3 + d**2 - d. What is h(s)?
6
Let a(i) = 2*i + 1. Suppose 5*o = -3*p + 4, -3*p - 2*o = o. Let y be (p - -2) + 0 - -12. Let t be -3*1*8/y. Determine a(t).
-3
Let o(x) = -x**3 - 10*x**2 + 6. Let b(t) = -10*t. Let w be b(1). Give o(w).
6
Let t(u) = u**3 + 4*u**2 - 2*u + 4. Let l = 16 + -16. Let w(a) = a**3 - a**2 + a + 4. Let i be w(0). Suppose -3*g + 5 = -i*g - 4*p, l = 3*p. Calculate t(g).
-11
Let g be (-6)/(-27) + 178/9. Let j be (-4)/(-10) - (-32)/g. Let w = j - -3. Let l(c) = c**3 - 4*c**2 - 3*c - 7. What is l(w)?
3
Let r(n) be the second derivative of 0*n**2 - 7/24*n**4 - 2*n - 1/6*n**3 + 1/120*n**5 + 0. Let f(j) be the second derivative of r(j). Give f(4).
-3
Let l(b) = b**3 - 6*b**2 - 6*b - 4. Let o be l(7). Suppose f + 5*m = 5, 2 = -4*f - o*m + 5. Let j(r) = -r**2 - r + 5. Determine j(f).
5
Let o(d) = 47*d**2 - 1 - 90*d**2 - 4*d - d**3 + 48*d**2. Calculate o(3).
5
Suppose -3*m - 6 = -0, -2 = -v + m. Let p = 4 + -6. Let q be p/1 + 4 + v. Let i(f) = 3*f. Determine i(q).
6
Let g be -1*(-3 - (1 + -2)) - 2. Let b(d) = 7*d**2 + 7*d + 2. Let m(z) = 6*z**2 + 6*z + 2. Let q(r) = -5*b(r) + 6*m(r). Determine q(g).
2
Let d(q) = q - 2. Suppose -6*x = -2*x - 32. Suppose 0 = -5*r - 10, 0*r + x = 2*f - 4*r. Calculate d(f).
-2
Let c(t) = -2*t. Let k = -2 - 0. Let v be ((-1)/k)/((-4)/(-24)). Suppose -5*x + v*x - 24 = -5*d, x + d = 2. Give c(x).
4
Let z(q) = 4*q + 1. Let y be z(-1). Let k = 19 - 8. Let p(s) = 8*s - 1. Let o(h) = -15*h + 2. Let r(i) = k*p(i) + 6*o(i). What is r(y)?
7
Let h(j) = 6*j**2 - 2*j**3 - 1 + 0 - 5*j + j**3. Suppose 3*g - 9 - 6 = 0. Suppose -5*v + 30 = g. Give h(v).
-1
Let r(z) be the first derivative of 0*z**2 + 5/24*z**4 + 2 - 1/360*z**6 + 1/60*z**5 + 0*z + 1/3*z**3. Let u(w) be the third derivative of r(w). Calculate u(4).
-3
Let d(q) = -3*q**2 - 13*q - 9. Let f(a) = -a**2 - 4*a - 3. Let r(o) = -3*d(o) + 8*f(o). Give r(-8).
11
Let d(p) = 2 + 6*p**2 - 3*p**3 - 4 - p**3 + 3*p**3. What is d(6)?
-2
Let g be 8/3*18/12. Let i be -23 - -4*(-2)/g. Let u be (-10)/i - (-16)/10. Let n(s) = s**3 - s**2 - s - 1. What is n(u)?
1
Let w(i) be the third derivative of -i**5/60 - 5*i**4/24 - 7*i**3/6 + 2*i**2. Suppose 5*c - 4*h + 68 = 0, 4*c - 17 = 6*c - 5*h. Let s = c - -11. What is w(s)?
-7
Let q(b) be the third derivative of b**6/120 - b**5/60 - b**4/24 + b**2. Suppose -2*t = -0*t - 4. Let l be 1/2*0/t. Give q(l).
0
Let h(k) be the second derivative of -k**5/20 + 5*k**4/12 - k**3/2 - k**2/2 - 2*k. Let l(z) = z**3 - 4*z**2 - 4*z - 1. Let v be l(5). What is h(v)?
3
Suppose -36 =